(2/(-12)). Suppose a*r - 6 = 30. Suppose -p - p = -r. List the prime factors of p.
2, 3
Suppose 14*w - 7 = -1155. Let q = 405 + w. List the prime factors of q.
17, 19
Let k be (-567)/28 - 1/(-4). Let w be ((-7)/(-3))/(1/(5 - 2)). Let i = w - k. What are the prime factors of i?
3
Let p be 4/(-16) - ((-146)/8 - -1). Suppose 0 = -p*b + 2*b + 15. What are the prime factors of ((-6)/(-12))/(b/86)?
43
Suppose w - 47 - 76 = 0. Let z be 122*(-2)/(-12)*(-6)/(-2). Let l = w - z. List the prime factors of l.
2, 31
Suppose 6*y - 9*y + 6*y - 19959 = 0. What are the prime factors of y?
6653
Let f = 163 - 196. What are the prime factors of 746*(f/6 + 5 - -1)?
373
Suppose -3*k + 47396 = b, 5*b + 30*k = 31*k + 237060. What are the prime factors of b?
7, 13, 521
Let m = 80 + -84. Let d be (-1*(-2 - -1))/(m/(-20)). Suppose d*f = -o + 151, -4*f + 3*f = 3*o - 481. What are the prime factors of o?
7, 23
Let l(s) = -268 - 408*s + 705*s - 393*s. List the prime factors of l(-8).
2, 5
Let y be -9*8/(-6)*1/4. List the prime factors of 2720*(3/2)/y.
2, 5, 17
Suppose -u - 3*s + 14900 = -3939, -3*s - 18833 = -u. List the prime factors of u.
2, 17, 277
Let n(l) = -40*l - 10. Let m(t) = -t + 1. Let g be m(3). Let s be n(g). Suppose -6*k = -k - s. List the prime factors of k.
2, 7
Let s(l) = -l**2 - 41*l - 210. Let b be s(-6). Suppose 0 = 4*u + 3*f - 1997, 3*f + b*f + 1021 = 2*u. What are the prime factors of u?
503
Suppose -5*m = 13*m - 46494. What are the prime factors of m?
3, 7, 41
Suppose -5*j + 84443 = 7*y, y + 4*y = 4*j - 67512. What are the prime factors of j?
16883
Let n = -5573 + -268. Let g = -3867 - n. What are the prime factors of g?
2, 3, 7, 47
Let v = -4505 - -6920. What are the prime factors of v?
3, 5, 7, 23
Let q be (-69)/(-46) - (-1)/2. Suppose 5*y = q*n + 219, -15 - 163 = -4*y + 3*n. List the prime factors of y.
43
Suppose -k + 5*j = 4*k - 15, 2*k = 4*j - 4. Let t(f) = 2*f**2 + 10*f + 5. Let q be t(k). Let s = q - 127. List the prime factors of s.
2, 43
Let w(v) = -8*v**3 + 19*v**2 + 93*v + 11. List the prime factors of w(-10).
7, 1283
What are the prime factors of (-82803)/(-28) + (243/(-36))/27?
2957
What are the prime factors of ((2385/(-6))/(-5))/((-363)/(-11858))?
7, 53
List the prime factors of (-12704942)/(-354) + (-4 - (-65)/15).
2, 5, 37, 97
Let a(o) = -30 + 13*o - o**2 - 10 + 7. Let j be a(12). Let g = j + 35. List the prime factors of g.
2, 7
Let h(x) = -x + 6. Let n be h(-9). Let j(o) = -24*o + 43. Let t be j(-8). List the prime factors of (4 - 1)/(n/t).
47
Let s(w) = 8*w**2 + 87*w - 7. Let k be s(-11). Let x(f) = 252*f - 37. List the prime factors of x(k).
971
Let y(m) = 54*m - 1. Let h = -38 + 44. Suppose -g + 6 = 2*a - 5, a = -g + h. What are the prime factors of y(g)?
53
Suppose 0 = k - z, -109*z = 2*k - 105*z - 12. Let r be 91 + 1 + 0/(-1). Suppose k*g - 58 = r. What are the prime factors of g?
3, 5
Let l = -7114 + 19029. What are the prime factors of l?
5, 2383
Suppose 4*f = -4*b + 258193 + 34335, -146273 = -2*f + b. List the prime factors of f.
5, 14627
Suppose -3*f + 0*f = -3*m + 222, 0 = -2*m + 5*f + 157. Suppose -m*u + 213 = -70*u. What are the prime factors of u?
3, 71
Suppose -1160874 = -3*r - 6*r. Let q be r/104 - (-1)/(-4). Suppose -106*s + 111*s - q = 0. List the prime factors of s.
2, 31
Let j(h) = h**2 - 18*h + 35. Let z be j(15). Let r(d) = 3*d + 15. Let n be r(z). List the prime factors of (27 - 1/1) + n/(-5).
29
Let n be 1 + 0 + (-12)/(-3). Suppose -3*o - 2*z + 24 = 2*o, z = -n*o + 27. Suppose -j = -8 + o. What are the prime factors of j?
2
Suppose 3*k = -b + 14, -2*k = -k - 3*b + 12. Suppose 5*x = 22 + k. Let p(d) = 6*d - 5. What are the prime factors of p(x)?
5
Let p = 22787 - 21487. What are the prime factors of p?
2, 5, 13
Let l = -303 + 659. Let j be l - ((-24)/14 + 6/(-21)). Suppose -2*q = -w + 165, -4*w + 5*q + j = -302. What are the prime factors of w?
3, 5, 11
Suppose 2*q + 12 - 82 = -3*v, q + 86 = 4*v. Suppose 6834 = v*u - 19896. What are the prime factors of u?
3, 5
Suppose -3*p = 5*n - 223426, -91113 = 3*p - 3*n - 314523. List the prime factors of p.
2, 3, 29, 107
List the prime factors of (-2 - -8) + (-3)/(144540/48183 + -3).
16067
Let w(k) = k**3 - 13*k**2 + 17*k - 219. Let m be w(13). Let u be 1*2/(4/10). Suppose 2*q - 112 = -u*y, -m*y - 4*q + 49 = q. List the prime factors of y.
2, 11
Let c(g) = 4*g**2 - 24*g - 39. Let y(s) = -s**3 + 5*s**2 - 9*s + 12. Let h be y(4). List the prime factors of c(h).
409
Let r(z) = 104 + 79 + 31 - 21*z - 64. List the prime factors of r(7).
3
Suppose -3*t + 4 + 15 = 5*s, 4*s = 3*t - 28. Suppose -t*l = -17*l + 1665. What are the prime factors of l?
5, 37
Let p be ((-15)/10 - -3)*(-8)/(-3). Suppose 0 = -p*f - 0*f - 20, -5*c + 1090 = -f. List the prime factors of c.
7, 31
Let b = -242 + 245. List the prime factors of 446 + -8*b/(-12).
2, 7
Let g(s) = -5*s**2 - s. Let f(z) = 7*z**2 + 1. Let r(v) = 5*f(v) + 4*g(v). List the prime factors of r(-5).
2, 5
Let g = -38950 - -52241. List the prime factors of g.
13291
Let b(t) = 45*t**2 + 155*t + 25. What are the prime factors of b(34)?
3, 5, 3821
Let j be 25*(4/1)/4. Suppose 0 = 21*x - j*x + 300. Let t = 72 + x. What are the prime factors of t?
3, 7
Let u(l) = -20*l - 35. Let k be u(-3). What are the prime factors of (k/(-10))/((-20)/32) + 189?
193
Let q be (26/(-65))/((-2)/(-5)). Let c be (44/2)/(0 - q). Suppose -5*x = -3 - c, 3*s = x + 121. What are the prime factors of s?
2, 3, 7
Let z(f) = f**3 + 7*f**2 + 5*f + 3. Let w be z(-6). Suppose -4*i + 37 - w = 0. Suppose -i*a - 29 = -309. What are the prime factors of a?
2, 5
Suppose -31*v = -46*v + 45. Let q be 1 + (1 - (0 + 1)). What are the prime factors of (v - 2)/q + (-94)/(-2)?
2, 3
Let t = -109 + 78. Suppose -3*d = -l - 4*d + 77, -2*l + 169 = 5*d. Let p = l + t. List the prime factors of p.
41
Let g(k) = -75*k - 896. Let r be g(-12). Let q = 62 + -148. List the prime factors of r/16 - q/8.
11
Suppose -q + 32774 = 5*u, 2*u = -3*u - 2*q + 32773. Let y be (u/(-60))/((-1)/4). Suppose 5*f - y = -82. List the prime factors of f.
71
Let h(o) = -2*o**3 + 24*o**2 - 5*o + 14. Let g be h(10). Let n = g - -187. What are the prime factors of n?
19, 29
Suppose 206*z - 209*z + 2*n = -32791, 43747 = 4*z + n. What are the prime factors of z?
3, 5
What are the prime factors of (-76)/(-114) - 96590/(-6)?
17, 947
Let f(o) = -4*o + 123. Let j be f(22). Suppose 51 = -j*z + 9746. What are the prime factors of z?
277
Let x be (-6)/(-18)*81 - (0 + -3). Suppose r = -x*r + 6789. What are the prime factors of r?
3, 73
Suppose 5*q = -m + 77873, 2*q + 2*m - 49541 = -18387. What are the prime factors of q?
2, 13, 599
Let b(a) be the third derivative of 5/24*a**4 + 0 + 0*a - 17/6*a**3 + 17*a**2. What are the prime factors of b(9)?
2, 7
Let d(h) = -h**3 - 9*h**2 - 3*h - 51. Let u be d(-9). What are the prime factors of (-12)/u + 458/4?
5, 23
Let k(p) = -7*p + 10. Let i(m) = -m + 15. Let h(f) = -f + 15. Let v(b) = 3*h(b) - 4*i(b). Let w be v(4). What are the prime factors of k(w)?
3, 29
Suppose -2*o + m = -9796, o + 529*m - 525*m = 4934. List the prime factors of o.
2, 3, 19, 43
Let v(o) = -2*o**2 + o + 117. Suppose -f + 88 = -18. Suppose -106 = x - f. List the prime factors of v(x).
3, 13
Let s = 4688 + 195. List the prime factors of s.
19, 257
Let n(h) be the first derivative of 13*h**3/3 - 46*h**2 + 11*h - 26. What are the prime factors of n(13)?
2, 11, 23
Let z = 57 - 149. Let w = 184 + z. What are the prime factors of w?
2, 23
Suppose 0 = -7*l + 89 - 54. Suppose -2*y + 390 = 2*i + 126, l*i - 624 = 4*y. List the prime factors of i.
2
Let m(v) = -476*v - 2512. List the prime factors of m(-7).
2, 5, 41
Suppose -30 = -4*m - 90. Let s(f) = -4*f + 13 + 1 - f. List the prime factors of s(m).
89
Let s(q) = q**3 + 7*q**2 - 3*q - 16. Let m be s(-7). List the prime factors of (m - -10)/(-5) + 70.
67
What are the prime factors of (26/8)/13 + (-4 - (-440307)/36)?
12227
Let n(s) = 442*s**2 - 26*s - 4. List the prime factors of n(3).
2, 487
Let f = -11255 - -29533. What are the prime factors of f?
2, 13, 19, 37
Suppose 0 = -16*s + 21*s. Suppose -v + 592 + 836 = s. Suppose 14*t - 7*t - v = 0. What are the prime factors of t?
2, 3, 17
Let n = -1464 - -8548. What are the prime factors of n?
2, 7, 11, 23
Let r = -514 + 510. Let